 Let c be z(3). Let r = 32 - c. Suppose 5*y - r*m = 620, -m + 70 + 570 = 5*y. Is y a prime number?
True
Let k(c) = -24*c**3 + 6*c**2 + 11*c - 8. Let r be k(6). Let n = 7077 + r. Is n a prime number?
False
Let j = 36440 - 12591. Is j a prime number?
False
Let s(t) = 1151*t**2 + 2*t + 19. Let b be s(-13). Suppose -8*g - b = -24*g. Is g a prime number?
True
Suppose -156 = -p - 0*p. Let x = -186 - p. Let f = -140 - x. Is f prime?
False
Let r = 372 - 316. Is (7 - 5580)/((-8)/r) a composite number?
True
Let r(g) = g**2 + 20*g + 892. Is r(-39) composite?
True
Suppose -2*g + 0*s + 2 = 2*s, -4*g + 5*s = 5. Suppose 164 = 2*f - g*f. Let k = f + 45. Is k a prime number?
True
Let z = 16897 - 11090. Is z prime?
True
Suppose 130*u - 72028 - 258822 = 0. Is u composite?
True
Let k(u) be the second derivative of -7*u**3/6 + 335*u**2/2 + 1004*u. Let b be (-2 - -2)/(-1 + -1). Is k(b) composite?
True
Suppose 1219*t + 3*z + 783223 = 1221*t, 2*t = -4*z + 783258. Is t composite?
False
Let a(n) = 1114542*n**2 + 4*n - 21. Is a(-1) composite?
True
Let m = 273000 + 164023. Is m a prime number?
False
Let j = 388 - 400. Is (4436/j)/(-1*(-1)/(-21)) composite?
True
Let a be (-2020)/(12/(-6))*2. Let o = -1373 + a. Is o a composite number?
False
Suppose 33*j - 24*j = 269910. Suppose 5*i + j = 10*i. Is i prime?
False
Let d be -5*(85/(-25) + 3). Suppose -d*g - 907 = -3*g. Is g prime?
True
Suppose -1972*c - 1975*c = -3946*c - 10603. Is c prime?
False
Suppose 6633 - 1685 = 4*g. Let m = g - 164. Is m prime?
False
Suppose 3*u - 5056 = 5*o - 344, o = -5*u - 920. Let h = 71 - o. Is h prime?
False
Let m(a) = 22*a**3 - 36*a**2 + 8*a + 23. Is m(15) composite?
False
Suppose 3*p = -4*s + 2*p + 3045, -3804 = -5*s + p. Let k = s + 158. Is k composite?
False
Suppose 307609 + 146852 = -7*m. Is ((-13)/(-39))/(m/32463 - -2) a composite number?
False
Suppose -2*o + 13 = 2*a - 1, -5*a + o + 41 = 0. Suppose 2*i - a = -0*i. Suppose -i*g = -2*v - 4866, 3*v - v = -g + 1229. Is g prime?
False
Let z(g) = -g**2 - 12*g - 25. Let f be z(-9). Suppose -f*l = l - c + 11, 9 = -l + 3*c. Let t(w) = -251*w - 7. Is t(l) a prime number?
False
Suppose 4*d + 4*r = 9004, -2*d - 3*r - 4527 = -4*d. Suppose 0 = -5*n + 15*n + 6020. Let j = d + n. Is j composite?
True
Let k be (-2)/7 + 1*(-115)/(-35). Suppose -2*u + 8 = 0, 2*i + k*u - 2361 - 1489 = 0. Is i prime?
False
Let o(k) = 54*k - 1783. Let z be o(33). Suppose 5*c + 4*a + 123 = 0, 3*a + 55 = -3*c - 17. Is (z - c)*(-71)/(-2) a composite number?
True
Is ((-125973)/(-4) + 0 + 6)*8/6 a composite number?
False
Is -8 - 35766/(5 - 11) a prime number?
True
Let k(g) = -5*g**2 + 8*g + 24. Let f be k(-3). Is (-13264)/(-40)*f/(-18) prime?
True
Is -15 - 1995/(-135) - 71651/(-9) composite?
True
Let j be 4057 - (1 + -4 - -8). Suppose 7*i + 3212 = 4*f + 2*i, 5*f = -3*i + j. Let y = f + 1393. Is y a prime number?
False
Let j(i) = 140*i**2 + 5*i - 2. Let f be j(-3). Suppose -f = -3*p + 920. Is p a composite number?
True
Let a be (-15)/(-45) - (-7172)/(-6). Let r be 4/(-2) + a/(-5). Is 27/(-9)*(r/9)/(-1) composite?
False
Is 438748112/1232 - (3 + (-46)/14) composite?
True
Let g be (88/(-32) - (-3)/4)*-10531. Let b = -10629 + g. Is b composite?
False
Let s(c) = c**2 - 14*c + 48. Let i be s(5). Suppose -i*y - 2302 = -d, -8*y = -3*y. Is d a composite number?
True
Suppose -4*m + 18 = 2*m. Let n be ((m - 2) + -1)*(-2)/(-4). Suppose n = 4*z - 646 - 150. Is z prime?
True
Let z = 369 + -366. Suppose h + 5905 = 3*f, -556 = f + z*h - 2531. Is f composite?
True
Let d = 58 - 53. Suppose -4*k + 0*k = -d*m - 22, -5*k + m = -17. Suppose 0 = 4*t - k*l - 544, 3*l = -5*t + 504 + 203. Is t composite?
False
Let i(a) = a**3 - 13*a**2 + 71*a - 1. Let q(d) = -d**3 - d**2 + d + 16. Let h be q(0). Is i(h) a prime number?
False
Let n be -4 + (-35)/(-7) - (-2 - -1). Suppose 0 = 3*m + 5*v - 22436 - 1644, -n*v = -2*m + 16080. Is m a composite number?
True
Let v be (-3 + 2 - 0)*(-2225)/(-5). Let f = 408 - v. Is f a prime number?
True
Let x(f) = -16 + 10 + 3 + 8*f**2 + 2*f. Suppose 11*z - 14*z = 15. Is x(z) a prime number?
False
Suppose 48711 = 4*f - 5*w, 12351 = 2*f - 3*w - 12002. Suppose -2*s = 6*s - f. Is s a prime number?
True
Let f be -3*(92 - 0/(-1)). Let d be (953/3)/((-21)/(-63)). Let h = f + d. Is h composite?
False
Let a(h) = 11688*h - 205. Is a(15) composite?
True
Suppose -v = -4*v + 7*v - 321676. Is v composite?
True
Let d(y) = 36*y**3 - 6*y**2 + 56*y - 365. Is d(6) prime?
False
Let k = 45 + -35. Let w = -8 - k. Is (-4)/18 - 9310/w a composite number?
True
Let x = 212811 + -77392. Is x composite?
True
Let b(x) = 18*x - 90. Let f be b(5). Let j(c) = c + 9. Let w be j(-7). Suppose -3*o + w*s + 765 = -f*o, -4*o + 1021 = -3*s. Is o composite?
True
Let f(z) = 301*z**2 + 96*z + 197. Is f(42) a prime number?
True
Suppose -7*h = 5*h - 26136. Suppose 0 = -10*p + h + 8692. Is p a prime number?
True
Let w = 1772 + -424. Suppose 360 = 2*x - 166. Suppose x = 9*c - w. Is c a prime number?
True
Suppose 79*c = 68*c - 77. Let f(h) = -802*h + 179. Is f(c) a prime number?
False
Let z(y) = 2*y**2 - 7*y - 11. Let p = -24 - -53. Suppose p - 13 = t. Is z(t) a composite number?
False
Let y = 24711 - 54926. Let q = -6474 - y. Is q a composite number?
False
Suppose 5*z = 5*d - 2*d + 24, 4*d - z = -32. Let c(g) = -1 + 3*g - g**3 - 2*g + 0. Is c(d) composite?
False
Suppose -4*i - 70 = 1230. Let u = i - -1436. Is u a composite number?
True
Let u be (-4)/(-22) - (-6 + (-806730)/(-66)). Let l = u - -17948. Is l a composite number?
True
Let r = 524 + -539. Suppose 3*n + 134 = y + 41, -9 = 3*n. Let k = r + y. Is k prime?
False
Suppose -501384 - 5240964 = -348*g. Is g a prime number?
False
Let d be 6/(-8)*((0 - -5) + -2785). Let i = d - -2170. Suppose 5*b + 3*w - 4280 = 0, -5*b + w + i = -w. Is b a prime number?
True
Let g(i) = 4989*i - 7115. Is g(36) composite?
False
Suppose -216 - 6 = -2*a. Let r be 228/44 + 4/(-22) - 3. Suppose -r*i + 551 = -a. Is i composite?
False
Let z = 288137 - 191494. Is z prime?
True
Suppose -4 = 4*q, -2*w + 29 = 2*q + q. Let d = w + -14. Suppose -4*g - 2*z + 668 = 0, -d*g - z + 334 = -5*z. Is g prime?
True
Let a(o) = 47*o**2 - 7*o + 83. Suppose 0 = -f + 4*j - 7, 7*j - 25 = 12*j. Is a(f) a composite number?
True
Suppose 5*m = -2*p + 79, -p + 2*p + 28 = 2*m. Let i = m + -3. Suppose -2*y = 3*t - 987, 0 = 3*y + y + i. Is t prime?
True
Let q = -1314 + -703. Let o = 3576 + q. Is o composite?
False
Let t(l) be the first derivative of -551*l**2/2 + 21*l - 31. Is t(-6) a composite number?
True
Let a(u) be the third derivative of u**5/60 + 5*u**4/6 + 28*u**3/3 + 2*u**2. Let s be a(-17). Is 5*4/s*(-1262)/(-8) a prime number?
True
Suppose 80*l - 7552462 - 9339396 = -4530018. Is l a prime number?
True
Suppose -3*v = 5*p + 8 + 7, 12 = -4*p + v. Is (((-18)/12)/p)/(1/64282) a composite number?
False
Let n(p) = p + 1. Let d(k) = 27*k - 13. Let a(j) = -d(j) + 6*n(j). Is a(-18) prime?
True
Suppose 0 = -9*w + 12*w + 3*z - 28956, 5*w - 2*z - 48225 = 0. Is w composite?
True
Suppose -p + 212616 = 2*d + 27569, -4*d - 740248 = -4*p. Is p composite?
False
Let i(u) = -977*u + 29. Let x be i(-5). Suppose 5*z = 2*o - 3269, x = 3*o + 5*z - 2*z. Suppose 0 = -q - 2*w + 4059, q = -w + o + 2417. Is q prime?
True
Let j(r) = -r + 12. Let o be j(9). Suppose 4*h + 45 = -5*n + o*h, 5*h = n + 35. Let x(p) = -37*p - 5. Is x(n) a prime number?
False
Suppose -42*s + 394522 = -13*s + 54381. Is s a prime number?
False
Let x(c) = 2*c**3 - 3*c - 4. Let v be x(-1). Is ((-7)/21)/((-38942)/(-12981) + v) composite?
False
Suppose 4*v - 21 - 11 = 0. Let h be 0*4/v - -4. Suppose -3*s = 9, -h*m + 5*s = -308 - 151. Is m prime?
False
Let m = -363 - -360. Is 14118 - (m - 30/(-6)) - -3 prime?
False
Suppose c + 134 = 3*i, -5*i + 0*c + 246 = 4*c. Let u = i + -40. Suppose -10*t + 6620 = -u*t. Is t composite?
True
Suppose 5*g - 283663 = 4*y, 0 = 3*g - 12*y + 8*y - 170201. Is g a composite number?
False
Let v be ((-51)/(-21) - 20/(-35)) + 4. Suppose 2*w + 1 = 11. Suppose v*n - 154 = w*n. Is n a composite number?
True
Let k(l) = -2*l**3 + 13*l**2 - 117*l + 43. Is k(-24) composite?
False
Suppose -29856 = -9*f + 6*f - 3*t, 4*f - 3*t - 39815 = 0. Is f prime?
False
Suppose -58*y = -50*y - 12780024. Is y composite?
True
Let d(n) be the third derivative of n**5/60 + 23*n**4/1